at is x(21)?
-162
Let m(u) = 162*u - 297. What is m(3)?
189
Let m(y) = -3*y**2 + 3*y - 2. Determine m(-1).
-8
Let o(r) = -434*r - 50781. What is o(-117)?
-3
Let i(o) = -681*o - 6806. Give i(-10).
4
Let g(u) = -5*u**2 + 543*u + 189. What is g(109)?
-29
Let b(j) = 29*j**2 - 1367*j - 1199. What is b(48)?
1
Let b(h) = h**2 + h - 320. What is b(0)?
-320
Let v(k) = -k**3 - 23*k**2 - 71*k + 396. Determine v(-8).
4
Let h(z) = -27*z - 42. What is h(13)?
-393
Let r(h) = 2007*h + 158560. Calculate r(-79).
7
Let v(f) = -f**3 + 7*f**2 + 5*f - 6. Determine v(7).
29
Let r(h) = -h**3 + 15*h**2 - 18*h - 17. Determine r(15).
-287
Let z(i) = 82*i + 700. Calculate z(-9).
-38
Let h(p) = 57*p + 1240. What is h(-32)?
-584
Let p(t) = t**3 + 9*t**2 + 7*t - 57. Determine p(-7).
-8
Let n(a) = 121*a + 743. Determine n(-6).
17
Let u(v) = 17*v**2 + 261*v - 33. Calculate u(-15).
-123
Let w(v) = v**2 + 135*v + 781. What is w(-6)?
7
Let r(d) = -d**3 + 42*d**2 - 41*d - 339. What is r(41)?
-339
Let b(j) = -135*j + 6356. Determine b(47).
11
Let j(n) = -n**3 - 13*n**2 - 407*n - 5286. What is j(-13)?
5
Let g(y) = 209*y + 2434. Give g(-9).
553
Let j(s) = 28*s + 49. Give j(-4).
-63
Let f(z) = -652*z + 45643. Give f(70).
3
Let p(g) = g**3 + 4*g**2 + g + 1. Give p(-7).
-153
Let u(a) = -4*a**3 + 187*a**2 - 122*a - 737. Determine u(46).
-1
Let d(p) = 355*p + 1397. What is d(-4)?
-23
Let v(q) = q**3 - 7*q**2 + 6*q + 17. Calculate v(6).
17
Let q(l) = l**3 + 48*l**2 - 47*l - 2313. Calculate q(-48).
-57
Let x(w) = -w**2 - 62*w - 283. Give x(-6).
53
Let v(z) = -129*z + 8458. Calculate v(65).
73
Let v(z) = -34*z - 2679. Calculate v(-75).
-129
Let s(l) = 2*l**2 + 6*l + 76. Determine s(-9).
184
Let c(k) = k**3 - 567*k**2 - 1722*k + 3. Calculate c(-3).
39
Let t(u) = -77*u - 18. Determine t(2).
-172
Let d(f) = -18*f - 3. What is d(2)?
-39
Let y(h) = 14*h**2 + 77*h + 13. Determine y(-6).
55
Let d(n) = 173*n**2 + 2*n. Give d(-1).
171
Let y(n) = -3*n**2 + 362*n + 720. Calculate y(-2).
-16
Let q(u) = -2*u**2 - 443*u - 10821. Give q(-28).
15
Let p(n) = 676*n - 10168. Give p(15).
-28
Let k(p) = 178*p - 2131. Determine k(13).
183
Let k(r) = 1891*r - 15135. Determine k(8).
-7
Let p(w) = 22*w**2 + 19*w - 36. Calculate p(3).
219
Let v(x) = -33*x. Determine v(-3).
99
Let t(m) = -m**3 - 19*m**2 + 51*m - 310. Give t(-22).
20
Let f(p) = p**3 - 12*p**2 + 12*p + 27. Give f(9).
-108
Let m(u) = 3*u**2 + 337*u + 668. Determine m(-2).
6
Let g(i) = 3*i**2 - 24*i - 21. Calculate g(9).
6
Let n(j) = j**2 + 5*j - 11. Calculate n(-6).
-5
Let u(y) = 32*y + 1539. Give u(-48).
3
Let t(h) = -h**3 + 73*h**2 - 334*h - 10. Calculate t(5).
20
Let a(v) = -v**2 - 7*v + 796. Give a(-32).
-4
Let j(t) = 2*t**3 + t**2 + 166*t + 1068. What is j(-6)?
-324
Let z(w) = w**2 - 571*w - 14909. Give z(-25).
-9
Let s(k) = -13*k - 300. What is s(-22)?
-14
Let u(l) = -l**3 - 17*l**2 - 29*l - 141. Calculate u(-12).
-513
Let f(w) = 4*w**3 + 11*w**2 - 33*w + 11. Determine f(2).
21
Let z(n) = -2*n**3 - 32*n**2 - n + 105. Calculate z(-16).
121
Let q(x) = 2*x**3 - 4*x**2 - 7*x + 37. What is q(-7)?
-796
Let d(b) = -2*b**3 - 188*b**2 + 4030*b + 30. Calculate d(18).
-6
Let s(r) = -r**3 + 3*r**2 + 978*r - 352. Calculate s(-30).
8
Let a(c) = -c**2 + 79. What is a(12)?
-65
Let u(w) = -w**2 - 17*w + 74. Calculate u(-16).
90
Let z(q) = -3*q**2 - 47*q + 3. What is z(-15)?
33
Let b(z) = -z**2 + z + 968. What is b(-32)?
-88
Let i(j) = 9*j**2 - 576*j. What is i(64)?
0
Let g(s) = -6*s - 139. Calculate g(-16).
-43
Let d(a) = 5*a**3 + 17*a**2 + 8*a + 3. Determine d(-3).
-3
Let c(t) = 3*t**2 - 188*t + 2267. What is c(45)?
-118
Let a(r) = r**2 - 6*r - 657. Calculate a(-21).
-90
Let r(c) = 2*c + 138. Determine r(7).
152
Let s(i) = -3*i**2 - 68*i - 339. Calculate s(-5).
-74
Let l(y) = 20*y - 963. Give l(41).
-143
Let h(o) = -o**3 - 46*o**2 - 50*o - 221. Give h(-45).
4
Let z(n) = -4*n + 370. What is z(115)?
-90
Let x(w) = -w**3 - 26*w**2 - 53*w - 87. Give x(-24).
33
Let r(l) = -303*l - 27584. Calculate r(-91).
-11
Let k(h) = -10*h**2 + 734*h - 1071. Determine k(72).
-63
Let d(s) = -487*s - 811. What is d(-1)?
-324
Let q(v) = 14*v + 381. Determine q(-28).
-11
Let o(r) = -r**3 + 26*r**2 - 158*r + 14. Calculate o(16).
46
Let h(w) = 3*w**2 + 108*w + 963. Give h(-19).
-6
Let t(c) = 5*c + 13. Give t(-7).
-22
Let o(b) = 597*b**2 + 29*b - 28. Calculate o(1).
598
Let l(f) = 184*f - 2. Give l(0).
-2
Let j(w) = -w**3 - 13*w**2 + 6*w + 376. Give j(-8).
8
Let q(l) = -12*l - 186. Calculate q(-20).
54
Let i(h) = 232*h + 39. What is i(3)?
735
Let u(a) = a**3 - 27*a**2 + 61*a - 668. Give u(25).
-393
Let v(h) = -h**2 + 111*h + 3259. Determine v(-24).
19
Let g(j) = -201*j + 14870. Determine g(74).
-4
Let p(x) = -716*x + 715. Calculate p(1).
-1
Let f(r) = -r**3 + 51*r**2 + 10*r + 1834. Calculate f(52).
-350
Let u(j) = j**2 - 11*j + 51. Give u(6).
21
Let a(x) = 165*x + 10. What is a(1)?
175
Let m(p) = -202*p + 1032. What is m(5)?
22
Let c(f) = 2*f**2 + 134*f - 1034. What is c(-74)?
2
Let j(o) = -42*o + 1503. Give j(36).
-9
Let z(p) = p**3 + 85*p**2 + 23*p + 1962. Give z(-85).
7
Let d(h) = 9*h**2 - 184*h - 189. Calculate d(-1).
4
Let i(t) = t**3 - 54*t**2 + 316*t + 78. What is i(7)?
-13
Let a(n) = -3*n**2 - 84*n - 574. Determine a(-23).
-229
Let z(f) = -f + 74. What is z(12)?
62
Let r(h) = h**3 + 3*h**2 + 5*h + 106. Determine r(-7).
-125
Let a(u) = 177*u - 114. Determine a(1).
63
Let a(v) = v**3 + 25*v**2 + 151*v + 28. Give a(-15).
13
Let a(f) = 4*f**3 + 2*f**2 - 22*f + 11. Determine a(5).
451
Let i(r) = -3*r**2 - 10*r + 737. Determine i(14).
9
Let w(m) = 14*m - 12. Calculate w(0).
-12
Let w(b) = 91*b + 2104. Calculate w(-22).
102
Let b(u) = 138*u - 541. Determine b(6).
287
Let v(r) = -r**3 - 7*r**2 + 7*r + 13. Calculate v(-6).
-65
Let o(b) = 28*b**2 - 212*b - 12. Determine o(7).
-124
Let o(n) = 21*n**2 + 64*n + 66. Calculate o(-1).
23
Let s(a) = a**3 + 10*a**2 - 267*a - 2508. Determine s(-9).
-24
Let j(o) = -o**2 + 86*o + 1047. Calculate j(97).
-20
Let u(r) = -6*r**3 + 44*r**2 + 24*r. Give u(8).
-64
Let f(r) = 35401*r - 70802. What is f(2)?
0
Let o(a) = 2*a**3 - 128*a - 327. Give o(-3).
3
Let l(n) = 45*n**2 - 990*n - 6. What is l(22)?
-6
Let r(i) = -19*i - 69. Give r(3).
-126
Let j(t) = -2*t**3 - 10*t**2 + 75*t + 364. Give j(-5).
-11
Let l(c) = -1302*c - 22133. Determine l(-17).
1
Let g(u) = -24*u + 1863. Give g(77).
15
Let t(i) = 117*i + 166. Calculate t(-2).
-68
Let i(r) = -224*r**2 + 5823*r + 39. Calculate i(26).
13
Let f(i) = 662*i - 1979. Determine f(3).
7
Let q(s) = 2*s**3 - 682*s**2 - 148*s + 50461. Determine q(341).
-7
Let n(q) = 2*q**2 - 17*q + 4. Give n(14).
158
Let f(l) = -62*l + 255. What is f(4)?
7
Let u(i) = 11*i - 253. What is u(24)?
11
Let a(g) = -g**3 - 50*g**2 + 55*g + 142. Calculate a(-51).
-62
Let h(n) = -2*n**3 - 40*n**2 - 76*n - 62. Calculate h(-18).
10
Let n(v) = -5*v**2 - 40*v - 15. Determine n(-6).
45
Let p(r) = -r**2 - 97*r + 6587. Determine p(-143).
9
Let i(r) = 2*r**2 - 470*r + 14007. Calculate i(35).
7
Let d(t) = 23*t - 809. Determine d(7).
-648
Let v(r) = 2*r**2 + 43*r + 229. Determine v(-6).
43
Let a(j) = 3*j**2 + 88*j + 602. Give a(-11).
-3
Let m(z) = -91*z**2 + z + 2. Give m(1).
-88
Let l(a) = a**3 - 15*a**2 + 4*a - 26. Determine l(10).
-486
Let u(t) = t**3 - 25*t**2 - 4*t - 76. Calculate u(0).
-76
Let h(q) = 242*q**3 - 2*q**2 + 130*q + 131. What is h(-1)?
-243
Let f(d) = d**3 - 66*d**2 - 510*d - 110. Determine f(73).
-37
Let q(b) = -6*b**2 + 308*b + 224. Calculate q(52).
16
Let a(o) = 11*o**2 + 12*o - 39. What is a(-6)?
285
Let x(v) = 57*v**3 + 5*v**2 - 30*v + 25. Determine x(1).
57
Let h(m) = -m**3 + 16*m**2 - 30*m + 16. What is h(14)?
-12
Let m(s) = -13*s - 442. What is m(-36)?
26
Let t(l) = 2*l + 172. What is t(-72)?
28
Let b(i) = 11*i**3 + 65*i**2 - 23*i - 76. Give b(-6).
26
Let a(v) = 198*v**2 + 789*v. What is a(-4)?
12
Let u(z) = -319*z - 1929. Determine u(-6).
-15
Let s(z) = 3*z**2 + 34*z - 66. Calculate s(-11).
-77
Let h(g) = g**2 - 32*g - 364. What is h(-9)?
5
Let b(v) = 28*v - 394. Calculate b(17).
82
Let q(y) = y**3 + 33*y**2 - 21*y + 447. Determine q(-34).
5
Let x(y) = 4*y**2 - 43*y + 24. Give x(10).
-6
Let z(c) = -48*c + 1458. Determine z(46).
-750
Let l(w) = 5*w**2 - 25*w - 46. Determine l(-2).
24
Let c(g) = -43*g**2 - 646*g - 5. What is c(-